{"id":37,"date":"2024-10-24T07:55:32","date_gmt":"2024-10-24T07:55:32","guid":{"rendered":"https:\/\/nhungbeo.id.vn\/?post_type=product&#038;p=37"},"modified":"2024-10-26T02:32:36","modified_gmt":"2024-10-26T02:32:36","slug":"beanie-with-logo","status":"publish","type":"product","link":"http:\/\/nhungbeo.id.vn\/?product=beanie-with-logo","title":{"rendered":"M\u1eadt ong r\u1eebng"},"content":{"rendered":"<h2 id=\"bao-quan-mat-ong-rung\"><strong>B\u1ea3o qu\u1ea3n m\u1eadt ong r\u1eebng<\/strong><\/h2>\n<p>Sau khi khai th\u00e1c\u00a0<strong>m\u1eadt ong r\u1eebng<\/strong>\u00a0th\u00ec th\u1eddi gian d\u00f9ng t\u1ea7m kho\u1ea3ng 2 n\u0103m v\u1edbi lo\u1ea1i m\u1eadt ong gi\u1eefa m\u00f9a v\u00e0 \u0111\u1ea7u m\u00f9a (lo\u1ea1i n\u00e0y c\u00f3 m\u00e0u v\u00e0ng cam, v\u00e0ng chanh), th\u1eddi gian d\u00f9ng 3 n\u0103m v\u1edbi lo\u1ea1i m\u1eadt ong cu\u1ed1i m\u00f9a (lo\u1ea1i n\u00e0y m\u00e0u \u0111en s\u1eadm)<\/p>\n<h3 id=\"tai-sao-bao-quan-mat-ong-rung-dau-va-giua-mua-lai-khac-cuoi-mua\"><strong>T\u1ea1i sao b\u1ea3o qu\u1ea3n m\u1eadt ong r\u1eebng \u0111\u1ea7u v\u00e0 gi\u1eefa m\u00f9a l\u1ea1i kh\u00e1c cu\u1ed1i m\u00f9a?<\/strong><\/h3>\n<p>C\u00f3 m\u1ed9t s\u1ef1 ch\u00eanh l\u1ec7ch v\u1ec1 th\u1eddi gian s\u1eed d\u1ee5ng gi\u1eefa m\u1eadt ong cu\u1ed1i mua v\u00e0 \u0111\u1ea7u m\u00f9a, b\u1ea1n c\u00f3 bi\u1ebft nguy\u00ean nh\u00e2n t\u1ea1i sao kh\u00f4ng? L\u00fd do l\u00e0 t\u1edbi t\u1eeb m\u1eadt ong gi\u1eefa v\u00e0 \u0111\u1ea7u m\u00f9a th\u01b0\u1eddng l\u1eabn 1 \u00edt ph\u1ea5n hoa v\u00e0 nh\u1ed9ng non l\u00e0m \u0111\u1ea9y nhanh qu\u00e1 tr\u00ecnh l\u00ean men khi\u1ebfn m\u1eadt ong nhanh b\u1ecb chua. C\u00f2n v\u1edbi m\u1eadt ong r\u1eebng v\u00e0o cu\u1ed1i m\u00f9a th\u00ec \u0111\u1ec3 \u0111\u01b0\u1ee3c l\u00e2u h\u01a1n do nh\u00f4ng l\u00fac n\u00e0y \u0111\u00e3 th\u00e0nh ong th\u1ee3, c\u00f2n ph\u1ea5n hoa th\u00ec b\u1ecb ong \u0103n h\u1ebft n\u00ean qu\u00e1 trinh l\u00ean men kh\u00f4ng b\u1ecb k\u00edch th\u00edch. V\u1ec1 m\u1eb7t l\u00fd thuy\u1ebft th\u00ec khi khai th\u00e1c s\u00e1p ong s\u1ebd c\u1ea7n ph\u1ea3i lo\u1ea1i b\u1ecf h\u1ebft ong gia, nh\u1ed9ng non v\u00e0 ph\u1ea5n hoa. Tuy nhi\u00ean th\u1ef1c t\u1ebf th\u00ec r\u1ea5t kh\u00f3 \u0111\u1ec3 lo\u1ea1i \u0111\u01b0\u1ee3c 100% nh\u1eefng th\u00e0nh ph\u1ea9n n\u00e0y, v\u00ec th\u1ebf ch\u1ec9 n\u00ean d\u00f9ng v\u00e0 b\u1ea3o qu\u1ea3n\u00a0<strong>m\u1eadt ong r\u1eebng<\/strong>\u00a0nh\u01b0 h\u01b0\u1edbng d\u1eabn b\u00ean tr\u00ean \u0111\u1ec3 mang l\u1ea1i hi\u1ec7u qu\u1ea3 t\u1ed1i \u0111a.<\/p>\n<h3 id=\"luu-y-khi-bao-quan-mat-ong-rung-nguyen-sap\"><strong>L\u01b0u \u00fd khi b\u1ea3o qu\u1ea3n m\u1eadt ong r\u1eebng nguy\u00ean s\u00e1p<\/strong><\/h3>\n<p>\u0110\u1ed1i v\u1edbi\u00a0<strong>m\u1eadt ong r\u1eebng nguy\u00ean ch\u1ea5t<\/strong>\u00a0con nguy\u00ean s\u00e1p th\u00ec c\u00f3 m\u1ed9t s\u1ed1 ch\u00fa \u00fd nh\u1ecf sau \u0111\u00e2y: chi n\u00ean \u0111\u1ec3 t\u1ed1i \u0111a kho\u1ea3ng 5-6 th\u00e1ng k\u1ec3 t\u1eeb ng\u00e0y l\u1ea5y. Sau kho\u1ea3ng th\u1eddi gian n\u00e0y, b\u1ea1n ph\u1ea3i v\u1eaft r\u1ed3i t\u00e1ch ri\u00eang m\u1eadt kh\u1ecfi s\u00e1p. Kh\u00f4ng n\u00ean \u0111\u1ec3 l\u00e2u v\u00ec n\u1ebfu \u0111\u1ec3 l\u00e2u s\u00e1p s\u1ebd b\u1ecb l\u1eabn ph\u1ea5n hoa, nh\u1ed9ng non, k\u00edch th\u00edch qu\u00e1 trinh l\u00ean men l\u00e0m h\u1ecfng m\u1eadt.<\/p>\n<h2 id=\"gia-mat-ong-rung-hien-nay-la-bao-nhieu-tai-ha-noi-va-ho-chi-minh\"><strong>Gi\u00e1 m\u1eadt ong r\u1eebng hi\u1ec7n nay l\u00e0 bao nhi\u00eau t\u1ea1i\u00a0H\u00e0 N\u1ed9i v\u00e0 H\u1ed3 Ch\u00ed Minh?<\/strong><\/h2>\n<p>Nh\u01b0 ph\u1ea7n n\u1ed9i dung \u0111\u00e3 \u0111\u1ec1 c\u1eadp ph\u00eda tr\u00ean, m\u1eadt ong r\u1eebng v\u1eeba r\u1ea5t t\u1ed1t cho s\u1ee9c kh\u1ecfe, v\u1eeba c\u00f3 ngu\u1ed3n g\u1ed1c t\u1eeb t\u1ef1 nhi\u00ean l\u00e0 s\u1ed1 l\u01b0\u1ee3ng m\u1ed7i n\u0103m kh\u00f4ng nhi\u1ec1u. Ngo\u00e0i ra, do nh\u01b0 c\u1ea7u mua m\u1eadt ong r\u1eebng ng\u00e0y c\u00e0ng t\u0103ng n\u00ean gi\u00e1 c\u1ee7a n\u00f3 t\u01b0\u01a1ng \u0111\u1ed1i cao. Hi\u1ec7n t\u1ea1i\u00a0<strong>gi\u00e1 m\u1eadt ong r\u1eebng<\/strong>\u00a0nguy\u00ean ch\u1ea5t c\u1ee7a N\u00f4ng S\u1ea3n S\u1ea1ch \u0111ang v\u00e0o kho\u1ea3ng\u00a0<strong>1.200.000\u0111\/chai 1000ml.\u00a0<\/strong><strong>\u01afu \u0111\u00e3i ch\u1ec9 c\u00f2n 1.000.000\u0111\/chai 1000ml khi \u0111\u1eb7t h\u00e0ng tr\u1ef1c tuy\u1ebfn t\u1ea1i website<\/strong><\/p>\n<h2 id=\"o-dau-ban-mat-ong-rung-nguyen-chat-tai-ha-noi-va-ho-chi-minh\"><strong>\u1ede \u0111\u00e2u b\u00e1n m\u1eadt ong r\u1eebng nguy\u00ean ch\u1ea5t t\u1ea1i\u00a0H\u00e0 N\u1ed9i v\u00e0 H\u1ed3 Ch\u00ed Minh?<\/strong><\/h2>\n<p><strong>M\u1eadt ong r\u1eebng nguy\u00ean ch\u1ea5t\u00a0<\/strong>th\u01b0\u1eddng \u0111\u01b0\u1ee3c mua tr\u1ef1c ti\u1ebfp t\u1eeb ng\u01b0\u1eddi d\u00e2n ho\u1eb7c \u0111\u01b0\u1ee3c cung c\u1ea5p b\u1edfi 1 s\u1ed1 c\u1edf s\u1edf thu mua l\u00e2u n\u0103m t\u1ea1i c\u00e1c t\u1ec9nh th\u00e0nh. Gi\u00e1 m\u1eadt ong r\u1eebng nh\u00ecn chung th\u00ec cao h\u01a1n so v\u1edbi m\u1eb7t b\u1eb1ng. Ch\u00ednh v\u00ec th\u1ebf m\u00e0 nhi\u1ec1u n\u01a1i ch\u1ec9 t\u1eadp trung v\u00e0o l\u1ee3i nhu\u1eadn m\u00e0 l\u00e0m m\u1eadt ong r\u1eebng gi\u1ea3, k\u00e9m ch\u1ea5t l\u01b0\u1ee3ng. Do \u0111\u00f3 \u0111\u1ec3\u00a0<strong>mua \u0111\u01b0\u1ee3c m\u1eadt ong r\u1eebng nguy\u00ean ch\u1ea5t<\/strong>\u00a0chu\u1ea9n b\u1ea1n n\u00ean t\u00ecm t\u1edbi c\u00e1c \u0111\u1ecba ch\u1ec9\u00a0<strong>b\u00e1n m\u1eadt ong r\u1eebng<\/strong>\u00a0l\u00e2u n\u0103m, c\u00f3 ngu\u1ed3n g\u1ed1c r\u00f5 r\u00e0ng v\u00e0\u00a0<strong>gi\u00e1 m\u1eadt ong r\u1eebng<\/strong>\u00a0h\u1ee3p l\u00fd.<\/p>\n","protected":false},"excerpt":{"rendered":"<p>M\u1eadt Ong R\u1eebng nguy\u00ean ch\u1ea5t x\u1ecbn 100% l\u00e0 ph\u1ea3i \u0111i t\u00ecm &amp; tr\u00e8o khai th\u00e1c t\u1eeb c\u00e1c t\u1ed5 Ong Kho\u00e1i trong r\u1eebng gi\u00e0, hung d\u1eef, k\u00edch th\u01b0\u1edbc l\u1edbn, v\u00e0 kh\u00f4ng th\u1ec3 nu\u00f4i \u0111\u01b0\u1ee3c. Ch\u00fang t\u00f4i ch\u1ec9 khai th\u00e1c 1 l\u1ea7n trong n\u0103m, t\u1eeb th\u00e1ng 3 \u0111\u1ebfn \u0111\u1ea7u th\u00e1ng 6. Khi n\u00e0o h\u1ebft h\u00e0ng th\u00ec ph\u1ea3i \u0111\u1ee3i m\u00f9a sang n\u0103m. Ch\u00fang t\u00f4i ch\u1ec9 b\u00e1n l\u1ebb &amp; ph\u1ee5c v\u1ee5 tr\u1ef1c ti\u1ebfp \u0111\u1ebfn t\u1eadn tay qu\u00fd anh ch\u1ecb.\u00a0<strong>Kh\u00f4ng \u0110\u1ea1i L\u00fd<\/strong>\u00a0\u2013\u00a0<strong>Kh\u00f4ng Nh\u01b0\u1ee3ng Quy\u1ec1n Kinh Doanh<\/strong><\/p>\n","protected":false},"featured_media":367,"comment_status":"open","ping_status":"closed","template":"","meta":[],"product_cat":[15],"product_tag":[],"class_list":{"0":"post-37","1":"product","2":"type-product","3":"status-publish","4":"has-post-thumbnail","6":"product_cat-dacsan","8":"first","9":"instock","10":"featured","11":"taxable","12":"shipping-taxable","13":"purchasable","14":"product-type-simple"},"_links":{"self":[{"href":"http:\/\/nhungbeo.id.vn\/index.php?rest_route=\/wp\/v2\/product\/37","targetHints":{"allow":["GET"]}}],"collection":[{"href":"http:\/\/nhungbeo.id.vn\/index.php?rest_route=\/wp\/v2\/product"}],"about":[{"href":"http:\/\/nhungbeo.id.vn\/index.php?rest_route=\/wp\/v2\/types\/product"}],"replies":[{"embeddable":true,"href":"http:\/\/nhungbeo.id.vn\/index.php?rest_route=%2Fwp%2Fv2%2Fcomments&post=37"}],"wp:featuredmedia":[{"embeddable":true,"href":"http:\/\/nhungbeo.id.vn\/index.php?rest_route=\/wp\/v2\/media\/367"}],"wp:attachment":[{"href":"http:\/\/nhungbeo.id.vn\/index.php?rest_route=%2Fwp%2Fv2%2Fmedia&parent=37"}],"wp:term":[{"taxonomy":"product_cat","embeddable":true,"href":"http:\/\/nhungbeo.id.vn\/index.php?rest_route=%2Fwp%2Fv2%2Fproduct_cat&post=37"},{"taxonomy":"product_tag","embeddable":true,"href":"http:\/\/nhungbeo.id.vn\/index.php?rest_route=%2Fwp%2Fv2%2Fproduct_tag&post=37"}],"curies":[{"name":"wp","href":"https:\/\/api.w.org\/{rel}","templated":true}]}}